rmine k(y).
-3
Let q(l) = -5*l**2 - 1. Let d(b) = -b**3 + 5*b**2 + b - 4. Let f be d(5). What is q(f)?
-6
Suppose 2*k - 4*k - 6 = 0. Let g(i) = -i**2 + 3*i - 8. Let d(t) = -t**2 + 4*t - 9. Let p(b) = k*d(b) + 4*g(b). Suppose 0 = 4*m - m. What is p(m)?
-5
Let k(t) = -t**2 - 3*t + 6. Let h = -34 - -29. Give k(h).
-4
Let o(j) be the second derivative of -j**4/12 - j**2/2 - 4*j. Let r = 4 + -3. Let s = r + -1. Determine o(s).
-1
Let j(o) be the third derivative of 0*o + 1/6*o**4 + 5*o**2 - 1/6*o**3 + 0. Calculate j(-2).
-9
Let a(m) = m**2 + 5*m. Let i be a(-4). Let x(c) = -c**2 + 4*c + 1. Let s(t) = t**2 - 5*t - 1. Let b(r) = 6*s(r) + 7*x(r). Give b(i).
-7
Let d be -5 + 2 - (1 - 2). Let x(h) = 2*h**2 - 3*h**2 - 1 - 28*h + 28*h. What is x(d)?
-5
Let r(t) = 2*t**2 - 1. Let o(y) = -y**3 - 9*y**2 + 3. Let b be o(-9). Let q be (b - 3) + 3 + -2. Determine r(q).
1
Let d = -2 + 14. Let j be 1/6 - (-34)/d. Let r be (10/(-6))/(j/9). Let a(y) = -y**2 - 5*y + 4. Determine a(r).
4
Let j(c) = -c**3 + 10*c**2 + 9*c + 10. Let h be j(11). Let i be (-27)/h*24/9. Let v(n) = -n**3 + 6*n**2 + 4. Calculate v(i).
4
Suppose -5*q + 2*q = 9. Let z(j) = -j**3 - j**2 + 3*j - 3. Determine z(q).
6
Let g(o) be the third derivative of -o**5/60 + o**4/6 + 5*o**3/6 - o**2. Suppose -4*w + 10 = f, -3*f - 5*w + 8 + 15 = 0. Give g(f).
-7
Let p(s) = -4*s + 3. Let n(q) = 9*q - 6. Let l(z) = -6*n(z) - 13*p(z). Calculate l(-3).
3
Let n(x) = -7*x**3 - 3*x**2 - 3*x - 2. Let w(m) = m**3 + m**2 + m. Let o(y) = -n(y) - 6*w(y). Determine o(2).
-8
Let h(a) = 2*a - 7. Let u(i) = -3*i + 8. Let c(m) = -4*h(m) - 3*u(m). Determine c(5).
9
Let p(g) = 7*g**3 + 10*g**3 - g - g**2 - 18*g**3 + 1. Let k be p(0). Let n(x) = 5*x**2 - 1. Give n(k).
4
Let c(s) = -s**3 - 5*s**2 - 4. Let u be (-8)/28 + 102/14. Let f = u - 12. What is c(f)?
-4
Let x(m) be the third derivative of m**6/120 + m**5/15 - m**4/24 - 5*m**3/6 + 8*m**2. Calculate x(-4).
-1
Suppose -3*n + 23 = 2. Let s = n - 5. Let p(q) = -3 + 0 + 2*q**s + 5 + 6*q - q**2. Give p(-5).
-3
Let s(h) = h**3 - 2*h**2 + 1. Suppose 4*a = -4*g + 4, 2 = 2*a - 4*g - 0. What is s(a)?
0
Let l(p) = p**2 - p - 10. Suppose 4*m = -9 + 37. Let y = 7 - m. Determine l(y).
-10
Let g(y) = 0*y**2 + 4*y**2 + 0*y**2. Let h(q) = -7*q**2 - q. Let j = -1 + 4. Let u(m) = j*h(m) + 5*g(m). Determine u(-3).
0
Let g(h) = 38 + h + h - 37. Let z = 0 - 4. Calculate g(z).
-7
Let w(v) = v - 59*v**2 + 60*v**2 + 2*v - v. Let n be 1/3 - (-10)/(-3). Give w(n).
3
Let w(x) = -4*x + 1. Let b(t) = -3*t + 2. Let g be b(1). Determine w(g).
5
Let q be (-128)/8*(-1 + 2/4). Let n(z) = -z. Give n(q).
-8
Let i be 40/(-6) + (-4)/(-6). Let n(u) = 6*u**2 + 8*u. Let t(b) = -b**2 + 1. Let x(m) = n(m) + 5*t(m). Determine x(i).
-7
Let d(o) = o**3 + 14*o**2 - 17*o - 22. Let k be d(-15). Let g(u) = -u**2 + 9*u - 2. Give g(k).
6
Let r = 37 - 39. Let o(p) = -7*p. Calculate o(r).
14
Let q(v) be the second derivative of v**5/20 + v**4/3 - 2*v**3/3 - v**2/2 - v. Determine q(-4).
15
Let f(w) = w. Let m(i) = -i**2 - 3*i. Let b(z) = -3*f(z) - m(z). Let v be (-3)/(45/(-10)) + (-4)/(-12). Give b(v).
1
Let q(v) = -2*v - 2. Let x be q(2). Suppose 5 = b - 2. Let j(o) = -2*o - 6 - o + 2*o - b. Determine j(x).
-7
Let j(u) = 4*u - 18. Let a(z) be the second derivative of -z**3/3 + 9*z**2/2 - 10*z. Let b(m) = -13*a(m) - 6*j(m). Give b(7).
5
Let x(d) be the first derivative of d**4/8 + d**3/2 - 2*d**2 - 7. Let p(v) be the second derivative of x(v). What is p(-5)?
-12
Let q(u) be the second derivative of -u**5/20 - u**4/3 - u**3/6 + 3*u**2/2 - 6*u. Suppose 0 = -0*m - 4*m - 12. Calculate q(m).
-3
Let t(l) = l + 1. Let r be t(-1). Suppose r = 2*o + 4 + 6. Let m(w) = w**3 + 5*w**2 - w + 1. Determine m(o).
6
Let z(c) be the first derivative of 9*c + 1/2*c**2 - 1/3*c**3 + 1. What is z(0)?
9
Let x be (-6)/(22/(-4) - -4). Let p(l) = -5*l - 2. Let q(a) = 4*a + 3. Let g(k) = x*p(k) + 3*q(k). Suppose j + 16 = -m - 4*m, 8 = j - 3*m. Calculate g(j).
9
Let o(y) = y. Let q(f) = -6*f**2 - 2. Let v(h) = 6*h**2 + 1. Let a(l) = 2*q(l) + 3*v(l). Let d be a(-1). Suppose -4 - 1 = -5*r, 0 = u + 4*r - d. Give o(u).
1
Let v(a) = 5*a**2 - a + 8. Let f(k) = -4*k**2 + 2*k - 7. Let d(q) = 4*f(q) + 3*v(q). What is d(3)?
2
Let s(i) = -4*i**3 + 3*i**2 + i - 2. Let q(m) = -5*m**3 + 2*m**2 + 2*m - 1. Let y(p) = 3*q(p) - 4*s(p). What is y(6)?
17
Suppose 3*b + 3*h = -21, -4 = 4*b - 5*h - 3. Let t = 7 + b. Suppose -t*s - 3 = -2*a, -4*s = -4*a - a + 11. Let m(y) = 4*y. What is m(s)?
4
Let j(s) = s**2 - s. Let b = 1 - 1. Let o be j(b). Let l(x) = -x**3 + x - 5 + 3 + 2*x**2 + o*x**2. What is l(2)?
0
Let l(v) = -4*v - 1. Suppose -20 = -4*x - 16. Calculate l(x).
-5
Let o(d) = -6*d + 15. Let c(z) = z - 2. Let p(i) = 15*c(i) + 2*o(i). What is p(2)?
6
Suppose 3*q + 2 = -4. Let h = -4 - q. Let b(n) = -2*n**2. Determine b(h).
-8
Let s(a) = 15*a - 17*a - 1 + 0 + 4*a**2 + 2. What is s(1)?
3
Let g(k) = -k**3 - k**2 + k - 1. Let q be g(-2). Let v(z) = -3*z**2 + 6*z**2 - 2*z**2 + q. What is v(-2)?
5
Let o be (0 + 1)*(3 - 2). Let g be (-12)/6 - (o - -1). Let s(f) = -f**3 - 5*f**2 - 6*f - 4. Calculate s(g).
4
Let c(o) be the first derivative of -o**4/4 + o**3 + 3*o**2 + 5*o - 13. What is c(5)?
-15
Let d(r) = 9*r + 1. Suppose -2*j - 4 = 5*k, 3 - 9 = 3*j - 4*k. Let h(n) = n + 1. Let m(b) = j*h(b) + d(b). Determine m(1).
6
Let m(u) = -u**3 + 4*u**2 + 5*u. Let i = -115 - -120. What is m(i)?
0
Let h(c) = 2*c + 3. Suppose 5*z - 330 = -s + 15, 0 = 3*z - 5*s - 207. Let m be 2/4 - z/(-6). Suppose -3*b = b + m. What is h(b)?
-3
Let h(u) be the third derivative of -u**8/20160 + u**7/2520 - u**6/720 + u**5/30 + 2*u**2. Let g(y) be the third derivative of h(y). What is g(3)?
-4
Let h be (2*(-4)/8)/(-3 + 4). Let j(o) = -o**3 + o**2 + o. Calculate j(h).
1
Let r(m) = -m**3 + m**2 - m + 6. Let j(y) = -y**2 - 9*y - 1. Let a be j(-9). Let w be 0/2*a*1. What is r(w)?
6
Let f(j) = 27*j + 7. Let i(d) = -7*d - 2. Let o(r) = -6*f(r) - 22*i(r). Let s(n) = n - 1. Let q be 3 - -2*(0 - 1). Let k(w) = q*o(w) + s(w). Calculate k(-1).
8
Let o(t) = 14*t + 20. Let u(c) = 5*c + 7. Let v(s) = 4*o(s) - 11*u(s). Determine v(0).
3
Let m(b) be the first derivative of b**3/3 - 2*b**2 - b + 56. Suppose -2*u = u - 9. Determine m(u).
-4
Suppose 4*t - 2*u = -6, -u + 2 = t - 4*t. Let o(w) = w**2 + 2 - 1 + w - 2. Determine o(t).
1
Let b(j) be the first derivative of j**3/3 - 7*j**2/2 + 2*j + 1. Suppose -2*z - 7*f + 36 = -2*f, 5*f - 10 = 0. Let y = z + -8. Determine b(y).
-8
Let y(m) = -15*m + 19. Let c(u) = -7*u + 9. Let l(s) = 13*c(s) - 6*y(s). Give l(3).
0
Let l = 3 - 0. Let s(f) = -3*f + 2 + 2*f**2 + 0*f - l. Let p(a) = a**2 + a + 3. Let u be p(0). Give s(u).
8
Let w(o) = -3*o. Let j(p) = p. Let u(l) = -9*j(l) - 4*w(l). Determine u(-2).
-6
Let t(x) = -x**3 - 3*x**2 + 4*x - 1. Let l = -4 - -7. Suppose 4*o + 11 = 2*h - 5, -5*h + 12 = -l*o. What is t(o)?
-1
Let s be 12/(-18) - (-16)/6. Suppose -12 = s*l - 2. Let n(o) = 0*o + o - o**2 - 1 - 5*o. What is n(l)?
-6
Let g(u) = u**2 - 8*u + 9. Let w = 50 + -28. Suppose -46 = -5*v + 4*a, 6*v - a = 3*v + w. Give g(v).
-3
Suppose 3*k + 4*q = -k, -16 = -k - 5*q. Let d(p) be the third derivative of -p**5/60 - 5*p**4/24 + p**3/2 + p**2. What is d(k)?
7
Let n(k) = k - 11. Let i be n(15). Let p(z) = -z**3 + 5*z**2. Determine p(i).
16
Suppose 2*r + 5*c + 9 = -2*r, c + 5 = 0. Let y(k) = k**2 - 2*k - 4. Determine y(r).
4
Let r be 5/(3 + 2) - 10/2. Let o(v) = 6*v + 3. Calculate o(r).
-21
Suppose -4*q - 12 = -3*b + 2, -q = -1. Let i(t) = -5*t**3 + 2*t**2 + 5. Let m(f) = f**3 - 1. Let d(l) = b*m(l) + i(l). Determine d(-2).
-1
Let j(w) = 9*w + 4. Let b = -2 + 4. Let h(m) = -b + 3 + 0*m + 2*m. Let v(u) = -11*h(u) + 2*j(u). Determine v(-2).
5
Let y(l) = -3*l**3 - 3*l**2 - l + 1. Let w be (-54)/30 - (-1)/(-5). Calculate y(w).
15
Let m(n) = -3*n**2 - 4*n**2 - 2*n**3 - 8*n + n**3 - 1 + 0*n**2. Let o(g) = -g**2 - g. Let y(q) = -m(q) + 6*o(q). What is y(-1)?
-1
Let h(p) = -p**3 + 2*p**2 + p + 1. Let y(z) = -z - 3. Let j be y(-6). Suppose 0*w + 9 = j*w. What is h(w)?
-5
Let z = -11 + 15. Let t(m) be the second derivative of 2/3*m**3 - m**2 - 1/20*m**5 + 3*m + 1/4*m**4 + 0. Calculate t(z).
-2
Let j be (-6)/(-9)*3 + 0. Let q(f) = 5*f**2 - f + 5. Let z(u) = u**2 + 1. Let l(v) = j*q(v) - 9*z(v). Give l(4).
9
L